{"id":13,"date":"2025-03-14T07:27:05","date_gmt":"2025-03-14T06:27:05","guid":{"rendered":"http:\/\/localhost:8888\/?page_id=13"},"modified":"2026-04-06T18:38:18","modified_gmt":"2026-04-06T16:38:18","slug":"remboursements_retours","status":"publish","type":"page","link":"https:\/\/fr-avostore.com\/index.php\/remboursements_retours\/","title":{"rendered":"Politique de Livraison"},"content":{"rendered":"\t\t<div data-elementor-type=\"wp-page\" data-elementor-id=\"13\" class=\"elementor elementor-13\">\n\t\t\t\t<div class=\"elementor-element elementor-element-7517216d e-flex e-con-boxed e-con e-parent\" data-id=\"7517216d\" data-element_type=\"container\" data-e-type=\"container\">\n\t\t\t\t\t<div class=\"e-con-inner\">\n\t\t\t\t<div class=\"elementor-element elementor-element-34f9853c elementor-widget elementor-widget-text-editor\" data-id=\"34f9853c\" data-element_type=\"widget\" data-e-type=\"widget\" data-widget_type=\"text-editor.default\">\n\t\t\t\t<div class=\"elementor-widget-container\">\n\t\t\t\t\t\t\t\t\t<p><strong>Politique de Livraison<\/strong><\/p>\n<p><strong>&nbsp;<\/strong><strong>Informations sur la livraison&nbsp;<\/strong><\/p>\n<p>Notre objectif est de vous offrir les meilleures satisfactions d\u2019exp\u00e9dition que possible. Nous livrons chaque jour \u00e0 des centaines de clients \u00e0 travers le monde et nous nous effor\u00e7ons de vous fournir des services de qualit\u00e9s.<\/p>\n<p>Le d\u00e9lai de livraison d&#8217;une commande comprend le temps de traitement et le d\u00e9lai de livraison :<\/p>\n<ul>\n<li>Nous traitons les commandes entre lundi et vendredi. Les commandes seront trait\u00e9es dans les 2 \u00e0 3 jours ouvrables apr\u00e8s r\u00e9ception du paiement, suivant votre commande et exp\u00e9di\u00e9es le lendemain apr\u00e8s le traitement. Ce d\u00e9lai&nbsp;de pr\u00e9paration des produits qui&nbsp;sont en stock s&#8217;applique sur les commandes finalis\u00e9es&nbsp;sur le site avant 13h,&nbsp;(Au-del\u00e0 de cet horaire, nous comptons 1 jour ouvr\u00e9 suppl\u00e9mentaire)<\/li>\n<li>Le d\u00e9lai de pr\u00e9paration des produits qui ne sont pas en stock est d\u2019environ 10 jours ouvr\u00e9s.<\/li>\n<\/ul>\n<ul>\n<li>Selon le pays de destination, le d\u00e9lai de livraison standard est d&#8217;environ 10-15 jours ouvrables pour la France et pour les autres pays de l\u2019UE est d\u2019environ 3-5 jours ouvrables.<\/li>\n<\/ul>\n<ul>\n<li>Pour information, nos transporteurs partenaires ne livrent pas le week-end et les jours f\u00e9ri\u00e9s.<\/li>\n<\/ul>\n<ul>\n<li>Veuillez-vous assurer que toutes les informations de livraison sont correctes. S&#8217;il y a des informations incorrectes et\/ou manquantes, nous devrons peut-\u00eatre vous contacter pour mettre \u00e0 jour les informations de livraison, ce qui peut entra\u00eener des retards dans la livraison de votre commande.&nbsp;<\/li>\n<\/ul>\n<ul>\n<li>Le d\u00e9douanement peut \u00e9galement entra\u00eener des retards.<\/li>\n<\/ul>\n<ul>\n<li>En raison des mesures sanitaire affect\u00e9 par le Covid-19, il y aura un certain retard possible sur la livraison \u00e9galement.<\/li>\n<\/ul>\n<ul>\n<li>Veuillez noter qu&#8217;il s&#8217;agit uniquement de d\u00e9lais de livraison estim\u00e9s, nous ne pouvons donc pas garantir les dates de livraison avec exactitude.<\/li>\n<\/ul>\n<p><strong>Informations d\u2019adresse<\/strong><\/p>\n<p>Veuillez noter qu&#8217;il est de la responsabilit\u00e9 du client de nous fournir une adresse de livraison correcte et compl\u00e8te, car les livraisons sont faites \u00e0 l\u2019adresse indiqu\u00e9e dans le formulaire de commande. Les risques sont \u00e0 la charge du client \u00e0 compter du moment o\u00f9 les produits ont quitt\u00e9 les locaux de AvoStore&nbsp;et si votre adresse de livraison est diff\u00e9rente de votre adresse de facturation, veuillez le pr\u00e9ciser lors du paiement.<\/p>\n<p>En cas de dommage pendant le transport, la protestation doit \u00eatre formul\u00e9e aupr\u00e8s du transporteur dans un d\u00e9lai de trois jours \u00e0 compter de la livraison.<\/p>\n<p>Lors de la livraison, vous devez v\u00e9rifier si le colis est endommag\u00e9 devant le transporteur et le refuser si c\u2019est le cas.<\/p>\n<p>Tout signalement r\u00e9alis\u00e9 apr\u00e8s ouverture d\u2019un colis endommag\u00e9 ne pourra \u00eatre pris en compte.<\/p>\n<p>Le client peut contacter AvoStore par e-mail \u00e0 support@fr-avostore.com pour toute question relative \u00e0 sa livraison.<\/p>\n<p><strong>Frais d\u2019exp\u00e9dition standard<\/strong><\/p>\n<ul>\n<li>8,40 \u20ac Chaque commande pour la France m\u00e9tropolitaine par colissimo \u00e0 domicile sans signature.<\/li>\n<li>9,60 \u20ac Chaque commande pour&nbsp;<span style=\"font-family: Lato; font-size: 14px; font-style: normal; font-variant-ligatures: normal; font-variant-caps: normal; font-weight: 400;\">la France m\u00e9tropolitaine par colissimo \u00e0 domicile avec signature.<\/span><\/li>\n<li><span style=\"font-family: Lato; font-size: 14px; font-style: normal; font-variant-ligatures: normal; font-variant-caps: normal; font-weight: 400;\">7,20 \u20ac&nbsp;<span style=\"font-family: Lato; font-size: 14px; font-style: normal; font-variant-ligatures: normal; font-variant-caps: normal; font-weight: 400;\">Chaque commande pour la France m\u00e9tropolitaine par mondial relay \u00e0 domicile.<\/span>&nbsp;<\/span><\/li>\n<li><span style=\"font-family: Lato; font-size: 14px; font-style: normal; font-variant-ligatures: normal; font-variant-caps: normal; font-weight: 400;\">Livraison gratuite pour toute commande sup\u00e9rieure \u00e0 50,00 \u20ac&nbsp;<\/span><span style=\"font-family: Lato; font-size: 14px; font-style: normal; font-variant-ligatures: normal; font-variant-caps: normal; font-weight: 400;\">pour la France m\u00e9tropolitaine.<\/span><\/li>\n<\/ul>\n<p>Dans le cas d\u2019une livraison hors du territoire fran\u00e7ais, la commande pourra \u00eatre soumise \u00e0 des taxes \u00e9ventuelles et \u00e0 des droits de douane lorsqu\u2019elle arrivera \u00e0 destination.&nbsp;<\/p>\n<p>Le paiement de ces droits et de ces taxes rel\u00e8ve de la responsabilit\u00e9 du client et AvoStore invite le client \u00e0 se renseigner aupr\u00e8s des autorit\u00e9s comp\u00e9tentes de son pays.<\/p>\n<p><strong>Avis d\u2019exp\u00e9dition<\/strong><\/p>\n<p>Lorsque votre commande sera exp\u00e9di\u00e9e, vous recevrez un e-mail de notification d&#8217;exp\u00e9dition qui vous fournira votre num\u00e9ro de commande pour suivre votre colis au fur et \u00e0 mesure de son acheminement, ainsi que la date d&#8217;exp\u00e9dition de votre commande.<\/p>\n<p>Si vous rencontrez des probl\u00e8mes d&#8217;exp\u00e9dition ou que vous n&#8217;avez pas une exp\u00e9rience positive pour une raison quelconque, n\u2019h\u00e9sitez pas \u00e0 nous contacter par e-mail \u00e0 support@fr-avostore.com, notre \u00e9quipe vous aidera rapidement, car nous ferons tout le possible pour nous assurer que vous soyez satisfait \u00e0 100% de votre achat \u00e0 fr-AvoStore.com<\/p>\t\t\t\t\t\t\t\t<\/div>\n\t\t\t\t<\/div>\n\t\t\t\t\t<\/div>\n\t\t\t\t<\/div>\n\t\t\t\t<\/div>\n\t\t","protected":false},"excerpt":{"rendered":"<p>Politique de Livraison &nbsp;Informations sur la livraison&nbsp; Notre objectif est de vous offrir les meilleures satisfactions d\u2019exp\u00e9dition que possible. Nous livrons chaque jour \u00e0 des centaines de clients \u00e0 travers le monde et nous nous effor\u00e7ons de vous fournir des services de qualit\u00e9s. Le d\u00e9lai de livraison d&#8217;une commande comprend le temps de traitement et [&hellip;]<\/p>\n","protected":false},"author":6,"featured_media":0,"parent":0,"menu_order":0,"comment_status":"closed","ping_status":"closed","template":"","meta":{"ocean_post_layout":"","ocean_both_sidebars_style":"","ocean_both_sidebars_content_width":0,"ocean_both_sidebars_sidebars_width":0,"ocean_sidebar":"","ocean_second_sidebar":"","ocean_disable_margins":"enable","ocean_add_body_class":"","ocean_shortcode_before_top_bar":"","ocean_shortcode_after_top_bar":"","ocean_shortcode_before_header":"","ocean_shortcode_after_header":"","ocean_has_shortcode":"","ocean_shortcode_after_title":"","ocean_shortcode_before_footer_widgets":"","ocean_shortcode_after_footer_widgets":"","ocean_shortcode_before_footer_bottom":"","ocean_shortcode_after_footer_bottom":"","ocean_display_top_bar":"default","ocean_display_header":"default","ocean_header_style":"","ocean_center_header_left_menu":"","ocean_custom_header_template":"","ocean_custom_logo":0,"ocean_custom_retina_logo":0,"ocean_custom_logo_max_width":0,"ocean_custom_logo_tablet_max_width":0,"ocean_custom_logo_mobile_max_width":0,"ocean_custom_logo_max_height":0,"ocean_custom_logo_tablet_max_height":0,"ocean_custom_logo_mobile_max_height":0,"ocean_header_custom_menu":"","ocean_menu_typo_font_family":"","ocean_menu_typo_font_subset":"","ocean_menu_typo_font_size":0,"ocean_menu_typo_font_size_tablet":0,"ocean_menu_typo_font_size_mobile":0,"ocean_menu_typo_font_size_unit":"px","ocean_menu_typo_font_weight":"","ocean_menu_typo_font_weight_tablet":"","ocean_menu_typo_font_weight_mobile":"","ocean_menu_typo_transform":"","ocean_menu_typo_transform_tablet":"","ocean_menu_typo_transform_mobile":"","ocean_menu_typo_line_height":0,"ocean_menu_typo_line_height_tablet":0,"ocean_menu_typo_line_height_mobile":0,"ocean_menu_typo_line_height_unit":"","ocean_menu_typo_spacing":0,"ocean_menu_typo_spacing_tablet":0,"ocean_menu_typo_spacing_mobile":0,"ocean_menu_typo_spacing_unit":"","ocean_menu_link_color":"","ocean_menu_link_color_hover":"","ocean_menu_link_color_active":"","ocean_menu_link_background":"","ocean_menu_link_hover_background":"","ocean_menu_link_active_background":"","ocean_menu_social_links_bg":"","ocean_menu_social_hover_links_bg":"","ocean_menu_social_links_color":"","ocean_menu_social_hover_links_color":"","ocean_disable_title":"default","ocean_disable_heading":"default","ocean_post_title":"","ocean_post_subheading":"","ocean_post_title_style":"","ocean_post_title_background_color":"","ocean_post_title_background":0,"ocean_post_title_bg_image_position":"","ocean_post_title_bg_image_attachment":"","ocean_post_title_bg_image_repeat":"","ocean_post_title_bg_image_size":"","ocean_post_title_height":0,"ocean_post_title_bg_overlay":0.5,"ocean_post_title_bg_overlay_color":"","ocean_disable_breadcrumbs":"default","ocean_breadcrumbs_color":"","ocean_breadcrumbs_separator_color":"","ocean_breadcrumbs_links_color":"","ocean_breadcrumbs_links_hover_color":"","ocean_display_footer_widgets":"default","ocean_display_footer_bottom":"default","ocean_custom_footer_template":"","footnotes":""},"class_list":["post-13","page","type-page","status-publish","hentry","entry","owp-thumbs-layout-horizontal","owp-btn-normal","owp-tabs-layout-horizontal","has-no-thumbnails","has-product-nav"],"aioseo_notices":[],"_links":{"self":[{"href":"https:\/\/fr-avostore.com\/index.php\/wp-json\/wp\/v2\/pages\/13","targetHints":{"allow":["GET"]}}],"collection":[{"href":"https:\/\/fr-avostore.com\/index.php\/wp-json\/wp\/v2\/pages"}],"about":[{"href":"https:\/\/fr-avostore.com\/index.php\/wp-json\/wp\/v2\/types\/page"}],"author":[{"embeddable":true,"href":"https:\/\/fr-avostore.com\/index.php\/wp-json\/wp\/v2\/users\/6"}],"replies":[{"embeddable":true,"href":"https:\/\/fr-avostore.com\/index.php\/wp-json\/wp\/v2\/comments?post=13"}],"version-history":[{"count":13,"href":"https:\/\/fr-avostore.com\/index.php\/wp-json\/wp\/v2\/pages\/13\/revisions"}],"predecessor-version":[{"id":3663,"href":"https:\/\/fr-avostore.com\/index.php\/wp-json\/wp\/v2\/pages\/13\/revisions\/3663"}],"wp:attachment":[{"href":"https:\/\/fr-avostore.com\/index.php\/wp-json\/wp\/v2\/media?parent=13"}],"curies":[{"name":"wp","href":"https:\/\/api.w.org\/{rel}","templated":true}]}}